uppose 4*i - 158 = -3*q, 3*q + 2*i - 160 = -0*q. Let y(s) = 99*s. Let r(t) = 9*t. Let z(a) = q*r(a) - 5*y(a). What are the prime factors of z(-2)?
2, 3
Let r = 162 - 130. List the prime factors of r.
2
Suppose -b - 49 = -d - 2*b, 4*b = -5*d + 240. List the prime factors of d.
2, 11
Let w(t) be the first derivative of -t**3/3 - 5*t**2 - 3*t - 6. List the prime factors of w(-3).
2, 3
Let j be (1 + -9)*57/6. List the prime factors of 2/(-6) - j/12.
2, 3
Suppose 4 = 2*z + p, 5*z + 2 = 6*z + 5*p. Suppose 3*y = 4*s + 29, -z*s - 24 = -2*y + 3*s. What are the prime factors of y?
7
Let x be (6/(-3))/(4/(-6)). Suppose 4*c = c - 2*a + 44, 5*c = -x*a + 72. What are the prime factors of c?
2, 3
Let k(t) be the second derivative of -13*t**3/6 + 2*t**2 + 6*t. List the prime factors of k(-3).
43
Let g be 114/4*(-8)/(-6). Suppose 3*n = -r - 3*r + 74, n = -4*r + g. What are the prime factors of n?
2, 3
Suppose 0 = 6*k - 80 - 46. Let s be 9*(0 - 5/(-3)). Let z = k - s. What are the prime factors of z?
2, 3
Let y = 93 + -50. What are the prime factors of y?
43
List the prime factors of (0 - 1)/(-2)*76.
2, 19
Let d(q) = -4*q + 3. What are the prime factors of d(-15)?
3, 7
Let i = -2 - -4. Let k(y) = i*y**2 - 9*y**2 + 5 + 5*y**3 - 6*y**3. List the prime factors of k(-7).
5
Suppose a = -4*a - 10. List the prime factors of ((-6)/12)/(a/16).
2
Let b(i) = -i**2 - 8*i. Let w be b(-8). What are the prime factors of 1 + w - 0 - -4?
5
Suppose -5*b = -0*b. Let y = 5 - b. Suppose -y*a + 3*a + 24 = 0. List the prime factors of a.
2, 3
Let d = -7 - 2. List the prime factors of 1 + 21 + d/(-3).
5
Let s = -22 + 27. Suppose -s*n + 5*p - 37 + 132 = 0, n - 5*p - 15 = 0. List the prime factors of n.
2, 5
Suppose 0 = -0*k + 2*k - 6. Suppose k*b = 4*b - 24. List the prime factors of b.
2, 3
Let n(h) = -6*h + h**3 + 21*h**2 - 29*h**2 + 0 - 9. List the prime factors of n(9).
2, 3
Let v = 568 - 355. List the prime factors of v.
3, 71
List the prime factors of 1/(2*(-3)/(-12)) - -98.
2, 5
Let i(v) = -3*v - 2*v - 4 + 3*v - 2*v. What are the prime factors of i(-8)?
2, 7
Let q(r) = 6*r - 15. What are the prime factors of q(8)?
3, 11
Let n = -4 - -9. Let c be n/((-15)/(-174)) + 1. Suppose -d = -5*f + c, -f = 5*d + 13 - 4. List the prime factors of f.
11
Let o be 1 - (2 + -1) - -3. Suppose -5*n + 13 = o. What are the prime factors of 2 - (-1)/(n/6)?
5
List the prime factors of (-4)/((-16)/452) - -1.
2, 3, 19
Suppose -6 = -2*c + 2. List the prime factors of 285/10*c/6.
19
Let l(r) = r**3 + 11*r**2 + 9*r - 6. Let i be l(-10). Let d(j) = 8*j - 4. What are the prime factors of d(i)?
2, 7
Let v = 209 - -63. What are the prime factors of v?
2, 17
What are the prime factors of 1325/8 - 9/(-24)?
2, 83
Let o(h) = -h**3 + 8*h**2 - 7*h + 2. Let s be o(7). Suppose 14 = s*j - 0*j. List the prime factors of j.
7
Suppose 2*t - 5*d = -t + 63, -d = 0. List the prime factors of t.
3, 7
Suppose b = 3*r - 21, 2*r + 6*b = 4*b + 22. Let n = -1 + 2. Let z = r + n. What are the prime factors of z?
3
Let k(u) = -u**3 - 3*u**2 + 5*u + 4. Let h be k(-3). Let f = 17 + h. List the prime factors of (f/(-9))/(6/(-171)).
19
Let c be ((-6)/(-4))/(9/(-24)). What are the prime factors of (-70)/(-8) - 1/c?
3
Suppose 8 = 2*y - 48. Suppose k - y = 7. List the prime factors of k.
5, 7
Let m(r) = -3*r - 4. List the prime factors of m(-7).
17
Let b(d) = 33*d**2 - d. List the prime factors of b(-1).
2, 17
Let n(c) = 3*c**3 - 4*c + 4. What are the prime factors of n(2)?
2, 5
Let w(y) be the first derivative of y**3/3 + 9*y**2/2 + 4*y - 1. Let t be w(-9). Suppose -55 = t*u - 9*u. What are the prime factors of u?
11
Suppose m = -3*m - 4. Let d = m - -19. What are the prime factors of d?
2, 3
Let w(v) = -v**3 + 6*v**2 + 4*v + 6. Let u(b) = b**3 + 6*b**2 - b. Let i be u(-6). List the prime factors of w(i).
2, 3, 5
Let q(v) = -v**2 + 7*v + 3. Let r be q(7). Suppose -5*j = -12 - r. What are the prime factors of j?
3
Suppose -6 = -f + 13. Let p = f + -7. Suppose -x + p = 2*g + 3*x, -3*g + 48 = -4*x. What are the prime factors of g?
2, 3
Let n be 2/6 - (-7)/(-21). What are the prime factors of n - 0 - 30/(-2)?
3, 5
Let d = -2 + 6. Suppose 2 = -q - r, 0*r = 5*q + d*r + 8. Suppose q = w + 3*a - 16, -4*a + 3 = -5. List the prime factors of w.
2, 5
Suppose 0 = -0*q + 4*q - 20. Suppose q*m + 4*p = 241, p - 2 = 2. List the prime factors of m.
3, 5
Suppose -3*y = -0*y. Suppose y = 5*u - 2*l - 3*l - 40, -5*u + 10 = 5*l. List the prime factors of u.
5
Let y = -2 + 0. Let z(d) = -4*d - 3. Let q be z(y). Suppose 0 = 2*t + x - q, -2*t + x = -x - 14. List the prime factors of t.
2
Suppose -42 - 54 = -4*v. List the prime factors of v - 0*(-3)/9.
2, 3
Let q(f) = f**2 - f + 3. Let r be q(0). Suppose -r*t = -p + 3*p - 79, -5*t + 137 = -2*p. List the prime factors of t.
3
Let s be 770/28 + (-1)/2. Suppose -2*n + s + 11 = 0. List the prime factors of n.
19
Suppose 2*d + 2*m - 117 = 37, 3*m = 3*d - 243. List the prime factors of d.
79
Suppose 4*s + 101 = 257. Suppose -o + s = 2*o. What are the prime factors of o?
13
Let x(t) = -5*t + 1. Let b(y) = -y**3 + 2*y**2 + 2*y + 1. Suppose -5*c = 25, 3*h + 1 = -c - c. Let z be b(h). What are the prime factors of x(z)?
11
Let f = 5 + 31. List the prime factors of f.
2, 3
Let p = 3 - -1. Let r(w) = 2*w - 1. Let j be r(1). Let k = p - j. What are the prime factors of k?
3
Suppose 316 = -4*f - 48. Let r = 140 + f. List the prime factors of r.
7
Suppose -3*a = -4*a + 2. Suppose 239 = 5*s + a*c + 21, -c + 172 = 4*s. Suppose -3*t + 3*r + s = 0, 2*t + 0*r + r = 28. What are the prime factors of t?
2, 7
Suppose 3*r - 141 = 3*c - 6*c, 143 = 3*c + 4*r. Suppose -3*a + 104 = -5*z - c, 4*a - 3*z - 217 = 0. What are the prime factors of a?
2, 29
List the prime factors of (-194)/(-8) + 3/(-12).
2, 3
Let q = 32 + 20. Suppose 5*a - q = a. List the prime factors of a.
13
Let c = 6 - 4. Suppose c*b - 44 = -2*b. Let v = 21 - b. What are the prime factors of v?
2, 5
Suppose 63 = -4*m + 4*h + 199, 4*m - 154 = -5*h. Suppose -7*r + 3*r = -m. What are the prime factors of r?
3
Suppose 3*z = 8 + 4. Suppose -7 = -x - z. List the prime factors of x.
3
Let n(x) = 11*x**3 + x**2. Let d be n(1). Let r be 28/d + 1/(-3). Suppose -r*b + 4*p + 45 = b, p - 3 = 0. List the prime factors of b.
19
Let u(y) = y**2 + 8 - 1 - 1 + 2*y. Suppose -a - 3*a = 20. List the prime factors of u(a).
3, 7
Suppose 2*f - 3 = 1. What are the prime factors of f?
2
Let b be 39 + (1 + 5)/(-2). Suppose 3*l - 3*x - 2*x = 27, -4*l + 4*x + b = 0. List the prime factors of l.
3
Let k = 179 - 90. List the prime factors of k.
89
Let q = -121 + 208. List the prime factors of q.
3, 29
Suppose -3 = 3*l - 153. What are the prime factors of l?
2, 5
What are the prime factors of (-8 - -10)/(2/(-276)*-4)?
3, 23
Let i = -473 - -675. What are the prime factors of i?
2, 101
Let q(b) = b - 5. Let u be q(7). Suppose -11 = -0*i - i + 4*p, -4*p = -u*i + 6. List the prime factors of (3*1)/(i/(-10)).
2, 3
Suppose -51 + 281 = 5*s. What are the prime factors of s?
2, 23
Suppose -4*a = l - 38, 4*l = a + 3*a + 192. List the prime factors of l.
2, 23
Let y = -176 + 258. Suppose -3*x - 4*a = -y, -4*x - a + 107 = 2*a. List the prime factors of x.
2, 13
Let b be (4/(-10))/((-9)/45). Suppose -3*f = -5*i - b, -3 = -f - i + 11. List the prime factors of f.
3
Let j be (-2)/((-4)/(-2)) - 1. What are the prime factors of 13 + (-1)/((-1)/j)?
11
Let m be (-20)/(-4)*(0 - -1). List the prime factors of (-1)/1 + m - 2.
2
List the prime factors of (1 - -18)*(7 - (4 - 2)).
5, 19
Let w = 25 + -2. List the prime factors of w.
23
What are the prime factors of ((-1 - -2) + 0)*(-34)/(-2)?
17
Suppose -25 = -6*y + y. Suppose 5*p = -5*a + y, 2*p = 2 - 4. What are the prime factors of a?
2
Suppose -h - 52 = -2*t, -4*t + 3*h - 16 = -120. List the prime factors of t.
2, 13
Let k(h) = -h + 7. Let r be (-4)/(-10) + 2/(-5). Suppose r*q = 2*q. What are the prime factors of k(q)?
7
Let p(t) be the second derivative of t**4/3 + t**3/6 + t**2/2 - 4*t. List the prime factors of p(-4).
61
Let n(a) = 2*a - 12. What are the prime factors of n(16)?
2, 5
Let r(c) = -10*c. Let m(l) = -3*l. Let u(n) = 11*m(n) - 4*r(n). Suppose -18 = -0*t - 9*t. List the prime factors of u(t).
2, 7
Let z(u) = -u**2 + 3*u + 1. Let t(v) = 5*v**2 - 16*v - 5. Let a(j